nits digit of 544?
4
What is the units digit of 15478?
8
What is the units digit of 7580?
0
What is the thousands digit of 3657?
3
What is the units digit of 365?
5
What is the tens digit of 831?
3
What is the units digit of 2250?
0
What is the thousands digit of 2435?
2
What is the units digit of 487?
7
What is the hundreds digit of 482?
4
What is the units digit of 12959?
9
What is the units digit of 1773?
3
What is the tens digit of 8130?
3
What is the ten thousands digit of 37656?
3
What is the thousands digit of 29424?
9
What is the hundreds digit of 10391?
3
What is the ten thousands digit of 62309?
6
What is the hundreds digit of 1099?
0
What is the thousands digit of 5936?
5
What is the hundreds digit of 2657?
6
What is the units digit of 1843?
3
What is the hundreds digit of 1278?
2
What is the units digit of 648?
8
What is the hundreds digit of 6437?
4
What is the tens digit of 6241?
4
What is the hundreds digit of 3319?
3
What is the tens digit of 69458?
5
What is the hundreds digit of 7361?
3
What is the tens digit of 2221?
2
What is the units digit of 1126?
6
What is the units digit of 2945?
5
What is the thousands digit of 15874?
5
What is the hundreds digit of 217?
2
What is the hundreds digit of 24592?
5
What is the tens digit of 52305?
0
What is the units digit of 2001?
1
What is the thousands digit of 5209?
5
What is the hundreds digit of 67507?
5
What is the tens digit of 695?
9
What is the hundreds digit of 7088?
0
What is the thousands digit of 9150?
9
What is the hundreds digit of 60174?
1
What is the hundreds digit of 18977?
9
What is the tens digit of 35608?
0
What is the thousands digit of 2023?
2
What is the hundred thousands digit of 106190?
1
What is the units digit of 9?
9
What is the tens digit of 1629?
2
What is the hundreds digit of 1331?
3
What is the hundreds digit of 32766?
7
What is the units digit of 624?
4
What is the thousands digit of 1121?
1
What is the thousands digit of 62103?
2
What is the hundreds digit of 12943?
9
What is the tens digit of 2107?
0
What is the tens digit of 3509?
0
What is the thousands digit of 48171?
8
What is the thousands digit of 18385?
8
What is the ten thousands digit of 51103?
5
What is the tens digit of 4201?
0
What is the ten thousands digit of 28086?
2
What is the tens digit of 1034?
3
What is the hundred thousands digit of 184364?
1
What is the hundreds digit of 1921?
9
What is the tens digit of 12082?
8
What is the units digit of 693?
3
What is the tens digit of 2375?
7
What is the tens digit of 3900?
0
What is the tens digit of 88130?
3
What is the hundreds digit of 32661?
6
What is the hundreds digit of 1868?
8
What is the tens digit of 2056?
5
What is the hundreds digit of 49876?
8
What is the tens digit of 1437?
3
What is the ten thousands digit of 12391?
1
What is the units digit of 9529?
9
What is the units digit of 171?
1
What is the hundreds digit of 172?
1
What is the units digit of 7222?
2
What is the hundreds digit of 54682?
6
What is the units digit of 1046?
6
What is the tens digit of 692?
9
What is the thousands digit of 3235?
3
What is the units digit of 27510?
0
What is the tens digit of 7422?
2
What is the thousands digit of 25765?
5
What is the hundreds digit of 7715?
7
What is the tens digit of 2943?
4
What is the hundreds digit of 260?
2
What is the thousands digit of 8518?
8
What is the tens digit of 234?
3
What is the hundreds digit of 6563?
5
What is the tens digit of 14939?
3
What is the hundreds digit of 438?
4
What is the tens digit of 18?
1
What is the thousands digit of 1271?
1
What is the hundreds digit of 5721?
7
What is the hundred thousands digit of 155047?
1
What is the units digit of 2369?
9
What is the ten thousands digit of 12785?
1
What is the units digit of 11222?
2
What is the hundreds digit of 11834?
8
What is the tens digit of 577?
7
What is the tens digit of 9300?
0
What is the hundreds digit of 6763?
7
What is the units digit of 165?
5
What is the units digit of 12875?
5
What is the tens digit of 890?
9
What is the ten thousands digit of 79227?
7
What is the tens digit of 14237?
3
What is the hundreds digit of 2849?
8
What is the units digit of 864?
4
What is the ten thousands digit of 18685?
1
What is the ten thousands digit of 19518?
1
What is the units digit of 25?
5
What is the tens digit of 134?
3
What is the hundreds digit of 843?
8
What is the ten thousands digit of 159174?
5
What is the hundreds digit of 4166?
1
What is the tens digit of 2154?
5
What is the thousands digit of 3421?
3
What is the units digit of 591?
1
What is the units digit of 30544?
4
What is the units digit of 1337?
7
What is the units digit of 34000?
0
What is the tens digit of 6924?
2
What is the thousands digit of 66951?
6
What is the hundred thousands digit of 102427?
1
What is the thousands digit of 2682?
2
What is the tens digit of 1570?
7
What is the tens digit of 28426?
2
What is the units digit of 19034?
4
What is the thousands digit of 3824?
3
What is the hundreds digit of 78648?
6
What is the thousands digit of 22175?
2
What is the tens digit of 24705?
0
What is the ten thousands digit of 113531?
1
What is the units digit of 3434?
4
What is the tens digit of 59822?
2
What is the thousands digit of 3488?
3
What is the hundreds digit of 542?
5
What is the hundreds digit of 43756?
7
What is the units digit of 1890?
0
What is the thousands digit of 9874?
9
What is the thousands digit of 2505?
2
What is the hundreds digit of 3239?
2
What is the units digit of 54244?
4
What is the units digit of 20?
0
What is the tens digit of 355?
5
What is the tens digit of 276?
7
What is the hundreds digit of 1768?
7
What is the hundreds digit of 9701?
7
What is the units digit of 1911?
1
What is the hundreds digit of 140875?
8
What is the ten thousands digit of 15869?
1
What is the tens digit of 2770?
7
What is the thousands digit of 88746?
8
What is the hundreds digit of 916?
9
What is the units digit of 19035?
5
What is the hundreds digit of 517?
5
What is the hundreds digit of 616?
6
What is the thousands digit of 1322?
1
What is the hundreds digit of 17799?
7
What is the units digit of 11633?
3
What is the tens digit of 2553?
5
What is the units digit of 502?
2
What is the tens digit of 4578?
7
What is the thousands digit of 2117?
2
What is the hundreds digit of 1052?
0
What is the units digit of 12365?
5
What is the hundreds digit of 10092?
0
What is the thousands digit of 78656?
8
What is the units digit of 601?
1
What is the units digit of 453?
3
What is the hundreds digit of 5539?
5
What is the units digit of 1952?
2
What is the units digit of 1423?
3
What is the tens digit of 13191?
9
What is the hundreds digit of 22121?
1
What is the hundreds digit of 12171?
1
What is the units digit of 1927?
7
What is the hundreds digit of 1296?
2
What is the thousands digit of 5668?
5
What is the tens digit of 984?
8
What is the thousands digit of 110492?
0
What is the hundreds digit of 21757?
7
What is the units digit of 40284?
4
What is the thousands digit of 4058?
4
What is the thousands digit of 9337?
9
What is the tens digit of 166298?
9
What is the tens digit of 93977?
7
What is the thousands digit of 8837?
8
What is the thousands digit of 8921?
8
What is the hundreds digit of 3955?
9
What is the hundreds digit of 3793?
7
What is the units digit of 118?
8
What is the thousands digit of 1160?
1
What is the tens digit of 58220?
2
What is the hundreds digit of 3830?
8
What is the tens digit of 12305?
0
What is the thousands digit of 1015?
1
What is the hundreds digit of 524?
5
What is the thousands digit of 58790?
8
What is the hundreds digit of 1207?
2
What is the tens digit of 3654?
5
What is the tens digit of 3991?
9
What is the ten thousands digit of 16344?
1
What is the thousands digit of 15552?
5
What is the tens digit of 318?
1
What is the tens digit of 2672?
7
What is the tens digit of 2105?
0
What is the tens digit of 264?
6
What is the tens digit of 5901?
0
What is the units digit of 9682?
2
What is the units digit of 4636?
6
What is the tens digit of 262?
6
What is the tens digit of 1527?
2
What is the units digit of 64?
4
What is the hundreds digit of 90266?
2
What is the hundred thousands digit of 103674?
1
What is the hundreds digit of 32886?